5).
5
Let o be ((-25)/(-10))/(5/(-10)). Let c(m) = -m**3 - 5*m**2 + 3*m. Determine c(o).
-15
Let z(n) = -4*n - 6. Let x(f) = 21*f + 30. Suppose -5*s + 5*o - 9 = -2*s, 2*s - 3*o + 5 = 0. Let g(b) = s*x(b) + 11*z(b). Give g(-4).
2
Let r(f) = -f**2 + f - 4. Let n(b) = -b**2 - 1. Let t(p) = 4*n(p) - r(p). Let h = 44 - 45. Give t(h).
-2
Let d(n) = -n**3 - n**2 + 5*n + 4. Let z = -49 - -46. Determine d(z).
7
Let v(k) = -k**2 - k + 1. Let b(a) = -5*a**2 - 12*a + 3. Let l(t) = b(t) - 6*v(t). Give l(5).
-8
Let x(j) be the third derivative of j**4/24 - 5*j**3/6 + 5*j**2. Calculate x(0).
-5
Let f(v) = -v - 6. Let p(i) = 2*i**2 + 2*i - 1. Let g be p(-3). Suppose -g = 2*c - 5. Let a be (0*c/3)/1. What is f(a)?
-6
Let f(z) = z**2 - 11*z + 22. Let a be f(8). Let v(r) = 5*r**2 - r + 1. Determine v(a).
23
Let w be 4/2*(-19 + 17). Let j(h) = -h**2 - 4*h + 3. Let i(p) = -p**2 - 5*p + 2. Let a(k) = w*i(k) + 3*j(k). Calculate a(-8).
1
Let w(x) = 2*x - 2. Let u be -6 - (-2 - 4)/(-3). Let b = u - -5. What is w(b)?
-8
Let n(i) = 2*i + 0*i - i - 3 + 1. Let l be n(5). Let q(c) = c**3 - 4*c**2 + 5*c - 4. Determine q(l).
2
Let r(h) = h**2 + 7. Let m(l) = l**2 + 7. Let z(c) = -6*m(c) + 7*r(c). Determine z(0).
7
Let c(d) = -2*d - 1 + 2*d + 3 + d. Suppose 0 = -2*l - 0 - 2. Let m be l/((4 - 1)/9). Give c(m).
-1
Let s = -5 + 2. Let q(c) be the first derivative of c**3/3 - c - 4. Determine q(s).
8
Let a(c) be the second derivative of c**4/4 - c**3/6 - c**2/2 + 4*c. Determine a(-1).
3
Let l(a) be the third derivative of a**6/120 + a**5/15 - a**4/24 - a**3/6 - 24*a**2. What is l(-3)?
11
Let z(w) be the second derivative of -w**4/12 + w**3/3 - 2*w. Determine z(1).
1
Let z = -30 - -24. Let f(v) = 3*v + 1. Give f(z).
-17
Let h(f) = -6*f**3 + 5*f**2 + 5*f + 5. Let k(t) = -t**3 + t + 1. Let r(q) = h(q) - 5*k(q). What is r(5)?
0
Let i be 6/(-27) - 4/(-18). Suppose i*f = -4*f + 12. Suppose f*t = 4*h - 1, t + t + 2*h - 4 = 0. Let q(y) = 4*y - 1. Calculate q(t).
3
Let r(x) = x**2 - 2*x + 1. Let i be r(5). Let p be i/(-12)*(-3)/(-1). Let a(u) = u**3 + 3*u**2 - 5*u + 2. What is a(p)?
6
Let f(i) = i**3 + 7*i**2 - 8*i - 5. Suppose 0 = -2*t + 3 - 19. What is f(t)?
-5
Suppose 5*y - 4 = 3*v, -7 = 4*v + 3*y + 8. Let q(b) = b**2 - b + 1. Let n(w) = -w**3 - 3*w**2 + 5*w + 2. Let h(x) = n(x) + 2*q(x). What is h(v)?
13
Let p(l) be the first derivative of l**4/4 + l**3 + 3*l**2/2 + 2*l - 5. Suppose f = -4*f + 40. Suppose -4*y = -5*v + f*v + 20, y - 18 = 5*v. Determine p(y).
0
Suppose 3*a - 6 = 3. Let c(d) = 3*d**3 + 5*d**2 - 12 + 3 - 10*d - 5*d**a + 3*d**3. What is c(-6)?
15
Suppose -3*b + 3 + 9 = 0. Suppose 0*p = b*p + 8. Let i(c) be the first derivative of c**3/3 - c**2 + 2. Determine i(p).
8
Let i(k) be the third derivative of -k**4/12 - 5*k**3/6 + 29*k**2. Calculate i(-9).
13
Let c be (13/1)/((-4)/4). Let s = -10 - c. Let d(a) = 2*a**3 - 4*a**2 - a. Determine d(s).
15
Let m(w) = 7*w - 2 + 3 + 5 + 2*w**2. Let o = 0 - 4. Calculate m(o).
10
Let s(m) = m**2 + 4*m + 4. Suppose 3 = 3*p - 2*p. Let u(z) = 3*z + p - 2*z + 0*z. Let i be u(-6). Calculate s(i).
1
Let k(f) = -f + 4. Let w(l) = -l + 4. Let g(y) = -2*k(y) + 3*w(y). Suppose 0*t - 6 = -3*t. Suppose 28 = -5*z + 3*v, -t*z = 2*z - 3*v + 23. Determine g(z).
9
Let j(r) = r**3 + 2*r**2 - r. Let n be j(-2). Suppose l - 5*i - 21 = 0, n*i = -5*l - i - 7. Let g(o) = 4*o**3 + o**2. Calculate g(l).
5
Suppose h - 7 = 3*x, 2*x = -3*h - h. Let v = h + -1. Let p(f) = -f**3 - f**2 + f + 6. What is p(v)?
6
Let o(v) = 5*v - 9. Let p(b) = 5*b - 7. Let s(a) = -2*o(a) + 3*p(a). Determine s(-3).
-18
Let v(k) be the third derivative of k**6/120 - k**5/60 - k**4/24 - k**3/3 - 6*k**2. Calculate v(3).
13
Let s(v) be the second derivative of v**4/12 + v**2/2 - v. Let d be s(5). Let y be (-4)/10 - d/10. Let u(k) = k**3 + 4*k**2 + k - 3. Calculate u(y).
3
Let s(v) = -v**2 - 1. Let o be (4 + 2)*2/6. Let z(g) = -4*g - o + 6*g - 4*g**3 - g - 2*g**2. Let d(p) = 2*s(p) - z(p). What is d(-1)?
-3
Let o be 44/8 + (-1)/2. Suppose -8 = c - o*c. Let i(h) = 5*h - 3. What is i(c)?
7
Let c = 17 + -12. Let w be (0 - 2)*4/(-8). Let x(a) = 2*a**2 + w - 3*a**2 + a**3 - 3*a**2 - a**2. Determine x(c).
1
Let m(r) = -2*r**2 + r + 4. Let g(j) = 4*j**2 - j - 8. Let w be 3/((-14)/4 - -2). Let k(q) = w*g(q) - 5*m(q). Let l be 4 + -1 + 0/11. Give k(l).
5
Let z(r) be the first derivative of -3*r**2 + 2 - 1/6*r**3 - 2*r. Let a(y) be the first derivative of z(y). Give a(0).
-6
Let a(p) = 5*p**2 + 9*p - 7. Let d(i) = -2*i**2 - 4*i + 3. Let u(l) = 3*a(l) + 7*d(l). Calculate u(3).
6
Let q(n) = n + 13. Let r be q(0). Let w(c) = 2*c + c**3 - 3*c**2 + 4 + 10*c - r*c. Determine w(3).
1
Let v(o) be the second derivative of -o**5/120 + o**3/3 - 2*o. Let g(d) be the second derivative of v(d). What is g(1)?
-1
Let k(p) = -4*p**2 + 1 - 6*p + 4*p + 0*p. Let w = 20 - 19. Calculate k(w).
-5
Let k(f) = -6*f - 32. Let g(v) = 2*v + 11. Let i(n) = 11*g(n) + 4*k(n). Determine i(-5).
3
Let p(t) = -2*t**3 + 3*t**2 - 3*t + 5. Let d(h) = h**3 - 2*h**2 + 2*h - 3. Let w(a) = 9*d(a) + 4*p(a). Suppose 4 - 29 = -5*c. What is w(c)?
-2
Let r(g) = -5*g + 2. Suppose 30 = y - 5*v, -2*y + 5*v + 40 = y. Give r(y).
-23
Let x(p) = 3*p**3 - p**2 + p - 1. Let y be (2/(-2))/(2/(-2)). Let z be x(y). Let b(a) = -1 - a**z + 3 - 3*a + 1 - a**2. Calculate b(-3).
-6
Let b(c) be the second derivative of -c**3/6 + c**2/2 - 3*c. Let m(u) = 1. Let t(n) = b(n) + 5*m(n). What is t(5)?
1
Let o(j) = 6*j + 2*j**2 - 4 - 8*j - 3*j**2 + 10. Suppose 4*h + 3*b + 3 = -13, 5*h = 4*b + 11. Let g(u) = 1. Let d(t) = h*o(t) + 2*g(t). What is d(-3)?
-1
Let r(q) = -q**3 + 3*q**2 + 2*q + 2. Let t = 1 + 9. Suppose 2 + t = 3*u. Determine r(u).
-6
Let c(n) be the first derivative of n**4/4 + n**3 - n**2/2 + n + 3. Suppose 0*p + 65 = 5*p. Suppose -p = 3*s - u, -5*s + 3*u - 9 = 18. Determine c(s).
4
Let u be ((-18)/(-3))/(21/(-6) + 2). Let z(s) = s**2 + 8*s + 3. What is z(u)?
-13
Suppose 0 = -h - 3*h. Let f(q) = 10 + 16*q - 15*q - 5*q**2 + 4*q**2. Determine f(h).
10
Let q(m) = -2*m**3 + 4*m**2 - 3*m + 2. Let x(f) = -f + 4. Let y = 6 - 4. Let v be x(y). Give q(v).
-4
Let d(s) = -s**3 - 9*s**2 - 14*s + 3. Let k be d(-7). Let b(x) = -4*x. Determine b(k).
-12
Let n(a) = a**3 + a - 2*a + 3*a**2 - 2*a**2 - 4. Determine n(0).
-4
Let h be 2/4*(-7 + 1). Let u(c) be the second derivative of c**6/360 + 5*c**4/12 - 5*c. Let d(y) be the third derivative of u(y). What is d(h)?
-6
Let o(r) be the second derivative of -r**5/20 + r**4/12 + r**3/2 + 2*r**2 + 6*r. Calculate o(3).
-5
Let g(n) = -n**2 + n - 12. Let u(z) = -2*z + 7. Let i(t) = -t + 3. Let s(d) = -5*i(d) + 2*u(d). Let m(b) = -g(b) + 2*s(b). Calculate m(0).
10
Let x = 34 + -12. Suppose -4*g + 10 = -x. Suppose h - g = 3*h. Let k(l) = -l**2 - 5*l. Determine k(h).
4
Let p(x) = -x**2 + 9*x + 10. Let g be p(10). Let v(k) = k**3 - k**2 + 8. Give v(g).
8
Suppose h = -3*h. Suppose -3*y - m + 25 = h, 5 = -0*y - y - 3*m. Let k(v) = 1 + 3*v + y*v**2 + v**3 + 1 - 5*v**2. Give k(-4).
6
Let m(g) = -g + 10. Let x be m(7). Suppose -7 = -x*b + 5. Let t(n) be the third derivative of n**6/120 - n**5/15 + n**4/24 - 2*n**3/3 - n**2. Determine t(b).
0
Let d(p) = -p - 2. Suppose -f - 3*f - 12 = 0. Let j be -3*(16/f + 0). Suppose -3*a + 8*a = -3*x + j, -2*a + 25 = -5*x. What is d(x)?
1
Let j(q) = 2*q + 3. Let u(t) = 5*t**2 - t + 1. Let d be u(1). Let a be 8/(-2)*d/(-10). Let l(v) = v + 3. Let p(c) = a*j(c) - 3*l(c). What is p(0)?
-3
Let z be 6/27 + 33/(-27). Let v be (8/(-12))/(z/3). Let c(g) = 3*g**2 + 1 - 7*g + g**2 - 5*g**v + 0*g**2. Give c(-5).
11
Let c(g) = 3*g + 4. Let h(z) = z + 2. Let a(o) = -3*c(o) + 7*h(o). Calculate a(3).
-4
Let b(m) = -m**3 + 2*m**2 + 3*m + 3. Let g be (-6)/(-4*3/6). Let t be b(g). Let k(a) = -4*a**3 + 5*a**3 - 2*a**3 + 4*a**2 + 1 - 4*a. Give k(t).
-2
Let k(q) = -4*q**2 + 6*q + 6. Let l(z) = -2*z**2 + 3*z + 3. Let d(w) = 3*k(w) - 5*l(w). Calculate d(-2).
-11
Suppose 5*p - 5 = -30. Let d(u) = -u**3 - 6*u**2 - 6*u + 1. Give d(p).
6
Let w(b) = -2*b - 1. Let i(l) = l**3 - 3*l**2 - 13*l + 17. Let n be i(5). Give w(n).
-5
Suppose -2*z + 29 = -0*z - 3*b, -4*z + 3*b = -43. Suppose 0 = 2*k - z*k - 5. Let r(c) = 4*c**2 - c. What is r(k)?
5
Suppose y = -0*y + 4. Suppose -y*f + 0*f = 8. Let i(o) = 1 - 3*o + 1 + 0. What is i(f)?
8
Let q(u